 g(5) a composite number?
False
Let n = 22 - 22. Suppose -l + 0*l + 679 = n. Is l prime?
False
Let p = 192 + 779. Is p a composite number?
False
Let z(m) = m**3 + 9*m**2 - 14*m - 19. Is z(-8) composite?
False
Let l = 27 - 24. Suppose -5*d = 12 - 37. Suppose 7*h - 380 = 3*h + x, 0 = -d*h + l*x + 475. Is h a composite number?
True
Let d(j) = 29*j**2 + 0*j + j + 51*j**2 + j + 1. Is d(-1) composite?
False
Let r be (-40)/(-6) - (-1)/3. Let z = r + 16. Let i = z - -14. Is i a prime number?
True
Suppose 5*l - 117 = -u + 36, 5*u + 4*l = 870. Suppose -3*m + 103 = -0*m + 2*s, -3*s = -5*m + u. Is m prime?
False
Suppose 4*n + 32 = 2*n. Let b = -6 - n. Let s(u) = -u**2 + 14*u - 1. Is s(b) prime?
False
Let q(w) = -w**3 + w + 373. Is q(0) a composite number?
False
Suppose 3*g - 5*r - 26 = 0, 2*g - 4*r - 24 = -2*g. Suppose -g*b - 40 = 3*b. Let h = 22 + b. Is h composite?
True
Suppose s - 2 = 28. Is ((-370)/s)/((-1)/3) a composite number?
False
Let a be (3/(-2) - -1)*18. Let o = 38 - a. Is o composite?
False
Suppose -5922 = 5*z + 2*m, 0 = -z - 3*m - m - 1170. Is 8/20 + z/(-10) prime?
False
Let s(b) = -248*b + 6. Let n(o) = -83*o + 2. Let u(d) = -14*n(d) + 5*s(d). Is u(-2) composite?
True
Let q(j) = 7*j**2 - 8*j + 7. Is q(6) a composite number?
False
Let v(c) = -c**3 - 4*c**2 + 12*c + 9. Let q be v(-6). Let t(d) = d**3 - 7*d**2 + 9*d + 4. Is t(q) a prime number?
False
Suppose 2*q + 8 = 3*r, -17 = -5*r + 5*q - 2. Is r/(-4) + (-1182)/(-4) composite?
True
Is 1832 - ((-6)/14)/((-5)/35) a prime number?
False
Suppose 2*r - 177 = 69. Suppose v = 4*i - 149, -3*i - 2*v + r = v. Is i composite?
True
Let c = 6 - 6. Suppose 4*s - 12 = c, 155 = 5*t + 5*s - 45. Is t prime?
True
Let j(v) = -v**3 - 5*v**2 - 8*v - 1. Suppose 0 = -n + 2*n + 6. Is j(n) prime?
True
Let k(d) be the second derivative of d**5/20 + d**4/2 - 3*d**3/2 - 3*d**2/2 - 6*d. Is k(-6) a composite number?
True
Let h(d) = 60*d + 21. Let p be h(6). Suppose 5*m - 816 - 274 = 0. Let v = p - m. Is v a prime number?
True
Let c = -2 - -4. Suppose -c*h + 5*h = 153. Is h a composite number?
True
Let j(q) = -q**2 + 10*q - 8. Is j(7) prime?
True
Suppose -2*m + 972 = d, -m + d + 481 = -d. Let w = 1042 - m. Is w prime?
True
Suppose 0 = -3*a + 5*a - 1438. Is a a prime number?
True
Let k(l) be the second derivative of l**3/6 - l**2/2 + 2*l. Let m be k(6). Suppose -2*n - 4*o = -214, -m*n - 2*o + 557 = -3*o. Is n prime?
False
Let x(g) = 5*g**2 + g. Let t be x(-1). Suppose -4*m - 606 = 2*j + 960, 5*j + 1551 = -t*m. Is m/(-6) - 4/6 a prime number?
False
Let y = 6 - 3. Suppose -y*i - 46 = -4*i. Is i composite?
True
Let u be (-71 + 1)/(-3 - -1). Let x(a) = 2*a + 1. Let i be x(3). Suppose 2*t - i = u. Is t prime?
False
Let f(z) be the third derivative of z**5/15 + 7*z**4/24 - z**3/6 + 5*z**2. Let j be (-72)/42*(-14)/4. Is f(j) a prime number?
False
Let q(i) = -i**3 + 5*i**2 + i - 5. Let l be q(4). Suppose -39 = 3*s + l. Let u = 35 - s. Is u prime?
True
Let j(r) = -r**3 + 3*r**2 + 5*r - 1. Let g be j(4). Suppose 9 = g*t - 3. Is -2 + t + 0 - -31 prime?
False
Suppose 0 = 2*a + 4*a - 15966. Is a composite?
True
Let j(a) = 3*a**2 - 7*a + 3. Let u be j(-6). Suppose u = q + 40. Is q composite?
False
Suppose 4*f = -g + 243, -f = -5*g + 2*f + 1100. Is g a prime number?
True
Let b(w) be the third derivative of 3*w**2 + 1/6*w**5 - 1/120*w**6 + 3/8*w**4 + 0 + 0*w - 11/6*w**3. Is b(10) composite?
False
Let d(r) = -r + 8. Let j(a) = -a + 7. Let s(p) = -5*d(p) + 6*j(p). Let t be s(0). Suppose 0 = -4*y - 5*l + 168, -16 = 2*l + t*l. Is y a composite number?
False
Suppose 0 = c + 1, 208 = 4*n + 3*c - 73. Is n a composite number?
False
Suppose n + 6 + 7 = 0. Let z = n - -9. Is (-62)/z*2/1 composite?
False
Let w be (-15)/9*(-5 + -1). Let s(z) = -z**2 - 5*z + 3. Let d be s(-5). Suppose n = w - d. Is n prime?
True
Let j(k) = 6*k**2 - 2*k + 2. Let o(r) = 3*r**2 - r + 1. Let h(g) = 6*j(g) - 11*o(g). Is h(-7) prime?
False
Suppose 0 = 3*k - 0*k - 12. Suppose u = k*u. Suppose 0*i - 3*i + 39 = u. Is i a composite number?
False
Suppose -f + 155 = 16. Is f a composite number?
False
Let i(n) = -20*n**3 - n**2 - 2*n + 1. Is i(-2) composite?
True
Suppose -3*j + 18 = -j. Let s(o) = -5 - 6*o - 2*o - j + o**2. Is s(10) a composite number?
True
Let x be (6/(-4))/(-3)*0. Suppose -3*b + 2*b - 4*v + 159 = x, -v + 444 = 3*b. Suppose 4*c - c - b = 0. Is c a composite number?
True
Let l be (-235)/(-45) + (-4)/18. Suppose -n = -l*n. Suppose 4*x - 4*j = -3*j + 334, -5*j - 10 = n. Is x prime?
True
Suppose -3 = u - 4*b + 10, 16 = 4*u + b. Suppose 519 = u*c - 3*r, -4*r + 322 = c + c. Is c a prime number?
False
Suppose -15 = -0*j - j. Suppose 4*x - j - 45 = 0. Is x a composite number?
True
Suppose -2*a = -2*p + 22, 2*p + 2*p - 5*a = 39. Let b = -1 - -6. Suppose -b*q + p + 59 = 0. Is q a composite number?
True
Let z be 2*(-21)/(-4)*2. Let c = z - -4. Is c a composite number?
True
Let b(l) = 219*l**2 + l - 1. Is b(2) a prime number?
True
Suppose -s - 8 - 14 = w, 0 = 2*s - 2*w + 48. Let v = s - -33. Is v a prime number?
False
Suppose 0 = m - 4*f - 175, 0 = -3*m - 5*f + 521 + 72. Is m a composite number?
False
Let g be 5614/(-8) - 2/8. Let q = -129 - 280. Let z = q - g. Is z composite?
False
Let w(b) = 250*b - 1. Is w(12) composite?
False
Suppose 0 = -5*p + 2*g - 7, 2*g - 2 + 10 = 0. Is (0 + (-31)/3)*p a prime number?
True
Is 5541/2*4/6 a composite number?
False
Let l(t) = -9*t + 2. Let v(h) = h**3 - 3*h**2 - 2*h + 1. Let i be v(3). Is l(i) a prime number?
True
Let i = 3 - 3. Suppose i = 3*n - 235 - 260. Let q = n + -112. Is q composite?
False
Let k = -9 + -8. Let m = k - -42. Is m composite?
True
Let j = -15 + 11. Is (-1250)/(-8) + (-3)/j composite?
False
Suppose 6 = 4*g - g. Suppose -f + 9 = g. Is f a prime number?
True
Suppose 4*c - 2*j = 32, 4*c + c - 38 = 3*j. Suppose -3*g + 2*g = c. Is g/(-45) - (-169)/9 a prime number?
True
Suppose 2*o + a = 1577, -2*a - 3941 = -5*o - 3*a. Suppose -5*j + o = 4*c - 1204, -12 = -3*j. Is c composite?
True
Suppose 2*t + 2534 = m + 10635, 2*m = 3*t - 12153. Is t prime?
True
Suppose 0 = 4*i - 4 - 4. Let q(z) = z**3 + 3*z**2 - z + 1. Is q(i) composite?
False
Let m = 528 + -302. Suppose 4*w = 2*w + m. Is w a prime number?
True
Let s(r) = -208*r + 9. Is s(-6) a prime number?
False
Let n = -1 - 0. Let z = 2 - n. Suppose z*d + d - 28 = 0. Is d prime?
True
Let n(j) = 12*j**2 + 29*j + 13. Is n(-10) a prime number?
False
Let n be 15/12 - (-1)/(-4). Let y be 6/3 - 4/n. Let k = y + 265. Is k prime?
True
Suppose -5*k + 25 = -10. Let v(z) = z**3 - 3*z**2 - 2*z + 3. Is v(k) composite?
True
Let t(h) = -h. Let v be t(-4). Let c = 2 - v. Is (7 - 0)/(c/(-6)) a composite number?
True
Let c be 0/(-1) - (-2 + -1). Suppose o + 3*t = 205, t - 392 = -c*o + 239. Is o a prime number?
True
Suppose 3*v = -w + 8, 5*w + 5*v = 108 - 38. Suppose 3*f - 3*t + 2 = -7, -5*f = 3*t - w. Is (-76)/8*(f - 3) a prime number?
True
Let q be (49 + (-8)/(-2))*4. Let a = 354 - q. Is a composite?
True
Let r = -11 - -21. Let z be (-15)/r*4/(-3). Suppose 4*k = 3*h + 272, -z*h = -2*k + 2*h + 146. Is k prime?
False
Suppose -2*f + 4*f = 10. Suppose f = -3*l - 2*l. Let p = 7 + l. Is p a prime number?
False
Let f = 1 - -4. Suppose -4*v + f = -l, 3*l + l + 20 = 0. Suppose 2*k + 5*t - 126 = v, -3*k = -5*t - 108 - 31. Is k a composite number?
False
Let r = -928 - -1350. Is r composite?
True
Is (0 + -671)*(-2 - -1) composite?
True
Let c = 8783 + -4036. Is c a composite number?
True
Suppose 2093 = 4*z + 33. Let c = z - -118. Suppose 0 = h + 2*h - c. Is h composite?
False
Let t be (-1)/((-7)/3 - -2). Suppose -5*u = t - 13. Suppose g = u + 12. Is g composite?
True
Suppose 42 = u - 49. Suppose 4*n + s + 24 + u = 0, 5*n = 2*s - 160. Let g = 56 + n. Is g prime?
False
Suppose -l - 2*l = -2*k + 67, 88 = 2*k + 4*l. Let z be (0 + k/6)*3. Suppose y + 8 - z = 0. Is y composite?
False
Is 4*(2900/16 + -4) composite?
False
Let b(t) = 378*t**2 - t. Is b(1) prime?
False
Suppose 3*w + 6 - 45 = 0. Let n = w - 9. Is (86/(-3))/(n/(-42)) a prime number?
False
Let p(r) = 5*r**2 - 3*r + 6. Let q = 6 - 2. Let t be p(q). Suppose -z = z - t. Is z composite?
False
Let k = 0 + 4. Suppose 11*u + 2 = 12*u. Suppose 0 = -r + k, 43 + 87 = u*f + 5*r. Is f a composite number?
True
Let y(p) = p - 6. Let l be y(6). Suppose l = 2*w - 5*m - 